{"id":40795,"date":"2024-04-23T17:09:27","date_gmt":"2024-04-23T17:09:27","guid":{"rendered":"https:\/\/www.masina.rs\/?page_id=40795"},"modified":"2024-04-23T17:09:27","modified_gmt":"2024-04-23T17:09:27","slug":"hvala-na-ucestvovanju","status":"publish","type":"page","link":"https:\/\/test.masina.rs\/?page_id=40795","title":{"rendered":"Hvala na u\u010destvovanju u anketi!"},"content":{"rendered":"\n<p>Va\u017eno nam je da \u010dujemo mi\u0161ljenje na\u0161ih \u010ditaoca i \u010ditateljki, trudimo se da pratimo va\u0161e stavove. Ti uvek mo\u017ee\u0161 podr\u017eati na\u0161 rad.<\/p>\n\n\n\n<p><strong>Rad portala Ma\u0161ina mo\u017ee\u0161 pomo\u0107i i malim donacijama. Sva podr\u0161ka je dobrodo\u0161la!<\/strong><\/p>\n\n\n\n<figure class=\"wp-block-image size-large\"><img decoding=\"async\" src=\"https:\/\/test.masina.rs\/wp-content\/uploads\/2025\/12\/2025-12-16-14.13.20-1200x443.jpg\" alt=\"doniraj\" class=\"wp-image-52839\"\/><\/figure>\n\n\n\n<h2 class=\"gb-headline gb-headline-ef96d213 gb-headline-text\"><strong>EVO KAKO MO\u017dE\u0160 DONIRATI<\/strong><\/h2>\n\n\n\n<p><strong>PayPal<\/strong>: <a href=\"https:\/\/www.paypal.com\/paypalme\/portalmasinars\" target=\"_blank\" rel=\"noreferrer noopener\">paypal.me\/portalmasinars<\/a><\/p>\n\n\n\n<p><strong>Patreon<\/strong>:&nbsp;<a href=\"http:\/\/patreon.com\/portalmasina\" target=\"_blank\" rel=\"noreferrer noopener\">patreon.com\/portalmasina<\/a><\/p>\n\n\n\n<p><strong>Uplate na dinarski ra\u010dun<\/strong><br>Br. ra\u010duna: 170-30070887000-15<br>Primalac: Centar za primenjenu komunikaciju<br>Svrha uplate: Donacija<br>\u0160ifra pla\u0107anja: 288<\/p>\n\n\n\n<figure class=\"wp-block-image size-full\"><img loading=\"lazy\" decoding=\"async\" width=\"250\" height=\"250\" src=\"https:\/\/test.masina.rs\/wp-content\/uploads\/2025\/07\/Masina-NBS-IPS-QR.png\" alt=\"\" class=\"wp-image-48259\" srcset=\"https:\/\/test.masina.rs\/wp-content\/uploads\/2025\/07\/Masina-NBS-IPS-QR.png 250w, https:\/\/test.masina.rs\/wp-content\/uploads\/2025\/07\/Masina-NBS-IPS-QR-150x150.png 150w\" sizes=\"auto, (max-width: 250px) 100vw, 250px\" \/><\/figure>\n","protected":false},"excerpt":{"rendered":"<p>Va\u017eno nam je da \u010dujemo mi\u0161ljenje na\u0161ih \u010ditaoca i \u010ditateljki, trudimo se da pratimo va\u0161e stavove. Ti uvek mo\u017ee\u0161 podr\u017eati na\u0161 rad. Rad portala Ma\u0161ina mo\u017ee\u0161 pomo\u0107i i malim donacijama. Sva podr\u0161ka je dobrodo\u0161la! EVO KAKO MO\u017dE\u0160 DONIRATI PayPal: paypal.me\/portalmasinars Patreon:&nbsp;patreon.com\/portalmasina Uplate na dinarski ra\u010dunBr. ra\u010duna: 170-30070887000-15Primalac: Centar za primenjenu komunikacijuSvrha uplate: Donacija\u0160ifra pla\u0107anja: 288<\/p>\n","protected":false},"author":240,"featured_media":52839,"parent":0,"menu_order":0,"comment_status":"closed","ping_status":"closed","template":"","meta":{"_acf_changed":false,"footnotes":""},"coauthors":[3],"class_list":["post-40795","page","type-page","status-publish","has-post-thumbnail"],"acf":[],"_links":{"self":[{"href":"https:\/\/test.masina.rs\/index.php?rest_route=\/wp\/v2\/pages\/40795","targetHints":{"allow":["GET"]}}],"collection":[{"href":"https:\/\/test.masina.rs\/index.php?rest_route=\/wp\/v2\/pages"}],"about":[{"href":"https:\/\/test.masina.rs\/index.php?rest_route=\/wp\/v2\/types\/page"}],"author":[{"embeddable":true,"href":"https:\/\/test.masina.rs\/index.php?rest_route=\/wp\/v2\/users\/240"}],"replies":[{"embeddable":true,"href":"https:\/\/test.masina.rs\/index.php?rest_route=%2Fwp%2Fv2%2Fcomments&post=40795"}],"version-history":[{"count":0,"href":"https:\/\/test.masina.rs\/index.php?rest_route=\/wp\/v2\/pages\/40795\/revisions"}],"wp:featuredmedia":[{"embeddable":true,"href":"https:\/\/test.masina.rs\/index.php?rest_route=\/wp\/v2\/media\/52839"}],"wp:attachment":[{"href":"https:\/\/test.masina.rs\/index.php?rest_route=%2Fwp%2Fv2%2Fmedia&parent=40795"}],"wp:term":[{"taxonomy":"author","embeddable":true,"href":"https:\/\/test.masina.rs\/index.php?rest_route=%2Fwp%2Fv2%2Fcoauthors&post=40795"}],"curies":[{"name":"wp","href":"https:\/\/api.w.org\/{rel}","templated":true}]}}