{"id":44210,"date":"2024-12-02T21:29:01","date_gmt":"2024-12-02T21:29:01","guid":{"rendered":"https:\/\/www.masina.rs\/?page_id=44210"},"modified":"2024-12-02T21:29:01","modified_gmt":"2024-12-02T21:29:01","slug":"pokloni","status":"publish","type":"page","link":"https:\/\/test.masina.rs\/?page_id=44210","title":{"rendered":"Pokloni &#8211; vreme je za doniranje i darovanje"},"content":{"rendered":"\n<p><\/p>\n\n\n\n<p class=\"has-drop-cap\">Vreme je za poklone! Vi nas mo\u017eete obradovati donacijama koje nam poma\u017eu da ostanemo nezavisni, a mi vam za uzvrat mo\u017eemo poslati neku zanimljivu Ma\u0161ina \u0161olju, ceger, ranac ili notes.<\/p>\n\n\n\n<p>Mo\u017eete odabrati \u0161ta \u017eelite i ostaviti va\u0161e podatke za slanje u formularu koji se nalazi na stranici, a zatim nam mo\u017eete poslati i donaciju prema uputstvu koje se nalazi na dnu stranice. <\/p>\n\n\n\n<p>Zbog tro\u0161kova slanja trenutno smo u mogu\u0107nosti da \u0161aljemo poklone samo u Srbiji. <\/p>\n\n\n\n<h2 class=\"wp-block-heading\">Za donaciju od 1500 (ili vi\u0161e) dinara mo\u017eemo vam pokloniti jednu Ma\u0161ina \u0161olju<\/h2>\n\n\n\n<p>\u0160olje su kerami\u010dke, zapremine 330 ml, na svakoj je od\u0161tampan logo Ma\u0161ine koji prate tri razli\u010dita naslova na\u0161ih tekstova.<\/p>\n\n\n<div class=\"gb-container gb-container-4688f243\">\n<div class=\"gb-grid-wrapper gb-grid-wrapper-3a7fa1d3\">\n<div class=\"gb-grid-column gb-grid-column-9fd5589f\"><div class=\"gb-container gb-container-9fd5589f\">\n\n<figure class=\"wp-block-image size-full\"><img loading=\"lazy\" decoding=\"async\" width=\"1200\" height=\"800\" src=\"https:\/\/test.masina.rs\/wp-content\/uploads\/2024\/12\/1.jpg\" alt=\"\" class=\"wp-image-44249\" srcset=\"https:\/\/test.masina.rs\/wp-content\/uploads\/2024\/12\/1.jpg 1200w, https:\/\/test.masina.rs\/wp-content\/uploads\/2024\/12\/1-300x200.jpg 300w, https:\/\/test.masina.rs\/wp-content\/uploads\/2024\/12\/1-1024x683.jpg 1024w, https:\/\/test.masina.rs\/wp-content\/uploads\/2024\/12\/1-768x512.jpg 768w\" sizes=\"auto, (max-width: 1200px) 100vw, 1200px\" \/><figcaption class=\"wp-element-caption\">\u0160olja &#8220;Ako ne znate pitajte drugaricu&#8221;<\/figcaption><\/figure>\n\n<\/div><\/div>\n\n<div class=\"gb-grid-column gb-grid-column-4074df48\"><div class=\"gb-container gb-container-4074df48\">\n\n<figure class=\"wp-block-image size-full\"><img loading=\"lazy\" decoding=\"async\" width=\"1200\" height=\"800\" src=\"https:\/\/test.masina.rs\/wp-content\/uploads\/2024\/12\/4.jpg\" alt=\"\" class=\"wp-image-44251\" srcset=\"https:\/\/test.masina.rs\/wp-content\/uploads\/2024\/12\/4.jpg 1200w, https:\/\/test.masina.rs\/wp-content\/uploads\/2024\/12\/4-300x200.jpg 300w, https:\/\/test.masina.rs\/wp-content\/uploads\/2024\/12\/4-1024x683.jpg 1024w, https:\/\/test.masina.rs\/wp-content\/uploads\/2024\/12\/4-768x512.jpg 768w\" sizes=\"auto, (max-width: 1200px) 100vw, 1200px\" \/><figcaption class=\"wp-element-caption\">\u0160olja &#8220;Za\u0161to ka\u017ee\u0161 ljubav a misli\u0161 na profit&#8221;<\/figcaption><\/figure>\n\n<\/div><\/div>\n\n<div class=\"gb-grid-column gb-grid-column-46333e8f\"><div class=\"gb-container gb-container-46333e8f\">\n\n<figure class=\"wp-block-image size-full\"><img loading=\"lazy\" decoding=\"async\" width=\"1200\" height=\"800\" src=\"https:\/\/test.masina.rs\/wp-content\/uploads\/2024\/12\/2.jpg\" alt=\"\" class=\"wp-image-44250\" srcset=\"https:\/\/test.masina.rs\/wp-content\/uploads\/2024\/12\/2.jpg 1200w, https:\/\/test.masina.rs\/wp-content\/uploads\/2024\/12\/2-300x200.jpg 300w, https:\/\/test.masina.rs\/wp-content\/uploads\/2024\/12\/2-1024x683.jpg 1024w, https:\/\/test.masina.rs\/wp-content\/uploads\/2024\/12\/2-768x512.jpg 768w\" sizes=\"auto, (max-width: 1200px) 100vw, 1200px\" \/><figcaption class=\"wp-element-caption\">\u0160olja &#8220;Ljudima otimaju stanove, zar ne&#8221;<\/figcaption><\/figure>\n\n<\/div><\/div>\n<\/div>\n<\/div>\n\n\n<h2 class=\"wp-block-heading\">Za donaciju od 1500 (ili vi\u0161e) dinara mo\u017eemo vam pokloniti jedan Ma\u0161ina ceger<\/h2>\n\n\n\n<p>Veli\u010dina cegera je 40&#215;42 cm, \u0161iveni su od \u010dvrstog kepera u tamno sivoj i plavoj boji. Sa jedne strane cegera se nalazi logo Ma\u0161ine, dok su sa druge \u0161tampani odabrani naslovi na\u0161ih tekstova ili kategorije tekstova sa na\u0161eg portala. <\/p>\n\n\n<div class=\"gb-container gb-container-13a62e0e\">\n<div class=\"gb-grid-wrapper gb-grid-wrapper-6031f7c0\">\n<div class=\"gb-grid-column gb-grid-column-b663002b\"><div class=\"gb-container gb-container-b663002b\">\n\n<figure class=\"wp-block-image size-full\"><img loading=\"lazy\" decoding=\"async\" width=\"1080\" height=\"1080\" src=\"https:\/\/test.masina.rs\/wp-content\/uploads\/2024\/12\/Masina-promo-ceger-plavi-2.jpg\" alt=\"\" class=\"wp-image-44242\" srcset=\"https:\/\/test.masina.rs\/wp-content\/uploads\/2024\/12\/Masina-promo-ceger-plavi-2.jpg 1080w, https:\/\/test.masina.rs\/wp-content\/uploads\/2024\/12\/Masina-promo-ceger-plavi-2-300x300.jpg 300w, https:\/\/test.masina.rs\/wp-content\/uploads\/2024\/12\/Masina-promo-ceger-plavi-2-1024x1024.jpg 1024w, https:\/\/test.masina.rs\/wp-content\/uploads\/2024\/12\/Masina-promo-ceger-plavi-2-150x150.jpg 150w, https:\/\/test.masina.rs\/wp-content\/uploads\/2024\/12\/Masina-promo-ceger-plavi-2-768x768.jpg 768w\" sizes=\"auto, (max-width: 1080px) 100vw, 1080px\" \/><figcaption class=\"wp-element-caption\">Ceger plavi<\/figcaption><\/figure>\n\n<\/div><\/div>\n\n<div class=\"gb-grid-column gb-grid-column-34de3557\"><div class=\"gb-container gb-container-34de3557\">\n\n<figure class=\"wp-block-image size-full\"><img loading=\"lazy\" decoding=\"async\" width=\"1080\" height=\"1080\" src=\"https:\/\/test.masina.rs\/wp-content\/uploads\/2024\/12\/Masina-promo-ceger-crni-2.jpg\" alt=\"\" class=\"wp-image-44240\" srcset=\"https:\/\/test.masina.rs\/wp-content\/uploads\/2024\/12\/Masina-promo-ceger-crni-2.jpg 1080w, https:\/\/test.masina.rs\/wp-content\/uploads\/2024\/12\/Masina-promo-ceger-crni-2-300x300.jpg 300w, https:\/\/test.masina.rs\/wp-content\/uploads\/2024\/12\/Masina-promo-ceger-crni-2-1024x1024.jpg 1024w, https:\/\/test.masina.rs\/wp-content\/uploads\/2024\/12\/Masina-promo-ceger-crni-2-150x150.jpg 150w, https:\/\/test.masina.rs\/wp-content\/uploads\/2024\/12\/Masina-promo-ceger-crni-2-768x768.jpg 768w\" sizes=\"auto, (max-width: 1080px) 100vw, 1080px\" \/><figcaption class=\"wp-element-caption\">Ceger tamno sivi<\/figcaption><\/figure>\n\n<\/div><\/div>\n\n<div class=\"gb-grid-column gb-grid-column-be2ef408\"><div class=\"gb-container gb-container-be2ef408\">\n\n<figure class=\"wp-block-image size-full\"><img loading=\"lazy\" decoding=\"async\" width=\"1080\" height=\"1080\" src=\"https:\/\/test.masina.rs\/wp-content\/uploads\/2024\/12\/Masina-promo-ceger-plavi-1.jpg\" alt=\"\" class=\"wp-image-44241\" srcset=\"https:\/\/test.masina.rs\/wp-content\/uploads\/2024\/12\/Masina-promo-ceger-plavi-1.jpg 1080w, https:\/\/test.masina.rs\/wp-content\/uploads\/2024\/12\/Masina-promo-ceger-plavi-1-300x300.jpg 300w, https:\/\/test.masina.rs\/wp-content\/uploads\/2024\/12\/Masina-promo-ceger-plavi-1-1024x1024.jpg 1024w, https:\/\/test.masina.rs\/wp-content\/uploads\/2024\/12\/Masina-promo-ceger-plavi-1-150x150.jpg 150w, https:\/\/test.masina.rs\/wp-content\/uploads\/2024\/12\/Masina-promo-ceger-plavi-1-768x768.jpg 768w\" sizes=\"auto, (max-width: 1080px) 100vw, 1080px\" \/><figcaption class=\"wp-element-caption\">Ceger plavi sa naslovima<\/figcaption><\/figure>\n\n<\/div><\/div>\n\n<div class=\"gb-grid-column gb-grid-column-97352a28\"><div class=\"gb-container gb-container-97352a28\">\n\n<figure class=\"wp-block-image size-full\"><img loading=\"lazy\" decoding=\"async\" width=\"1080\" height=\"1080\" src=\"https:\/\/test.masina.rs\/wp-content\/uploads\/2024\/12\/Masina-promo-ceger-crni-1.jpg\" alt=\"\" class=\"wp-image-44239\" srcset=\"https:\/\/test.masina.rs\/wp-content\/uploads\/2024\/12\/Masina-promo-ceger-crni-1.jpg 1080w, https:\/\/test.masina.rs\/wp-content\/uploads\/2024\/12\/Masina-promo-ceger-crni-1-300x300.jpg 300w, https:\/\/test.masina.rs\/wp-content\/uploads\/2024\/12\/Masina-promo-ceger-crni-1-1024x1024.jpg 1024w, https:\/\/test.masina.rs\/wp-content\/uploads\/2024\/12\/Masina-promo-ceger-crni-1-150x150.jpg 150w, https:\/\/test.masina.rs\/wp-content\/uploads\/2024\/12\/Masina-promo-ceger-crni-1-768x768.jpg 768w\" sizes=\"auto, (max-width: 1080px) 100vw, 1080px\" \/><figcaption class=\"wp-element-caption\">Ceger tamno sivi sa naslovima<\/figcaption><\/figure>\n\n<\/div><\/div>\n<\/div>\n<\/div>\n\n\n<h2 class=\"wp-block-heading\">Za donaciju od 1000 (ili vi\u0161e) dinara mo\u017eemo vam pokloniti jedan Ma\u0161ina ranac<\/h2>\n\n\n\n<p>Pamu\u010dni, crveni ran\u010devi sa diskretnim logom Ma\u0161ine. Veli\u010dina ranca je 38&#215;42 cm.<\/p>\n\n\n<div class=\"gb-container gb-container-de79edfb\">\n\n<figure class=\"wp-block-image size-full\"><img loading=\"lazy\" decoding=\"async\" width=\"1080\" height=\"1080\" src=\"https:\/\/test.masina.rs\/wp-content\/uploads\/2024\/12\/masina-eng-FBpost.jpg\" alt=\"\" class=\"wp-image-44238\" srcset=\"https:\/\/test.masina.rs\/wp-content\/uploads\/2024\/12\/masina-eng-FBpost.jpg 1080w, https:\/\/test.masina.rs\/wp-content\/uploads\/2024\/12\/masina-eng-FBpost-300x300.jpg 300w, https:\/\/test.masina.rs\/wp-content\/uploads\/2024\/12\/masina-eng-FBpost-1024x1024.jpg 1024w, https:\/\/test.masina.rs\/wp-content\/uploads\/2024\/12\/masina-eng-FBpost-150x150.jpg 150w, https:\/\/test.masina.rs\/wp-content\/uploads\/2024\/12\/masina-eng-FBpost-768x768.jpg 768w\" sizes=\"auto, (max-width: 1080px) 100vw, 1080px\" \/><figcaption class=\"wp-element-caption\">Ranac<\/figcaption><\/figure>\n\n<\/div>\n\n\n<h2 class=\"wp-block-heading\">Za donaciju od 800 (ili vi\u0161e) dinara mo\u017eemo vam pokloniti jedan Ma\u0161ina notes<\/h2>\n\n\n\n<p>Korice su sa tekstilnom oblogom i logom Ma\u0161ine na prednjoj stranici. Notes ima predlist sa poljima za upisivanje li\u010dnih podataka, elasti\u010dnu traku koja spre\u010dava otvaranje, dr\u017ea\u010d za olovku i d\u017eep na unutra\u0161njoj strani zadnje korice, 192 stranice, papir je krem ofset 80 g\/m2.<\/p>\n\n\n<div class=\"gb-container gb-container-fde49a55\">\n<div class=\"gb-grid-wrapper gb-grid-wrapper-07a2d43b\">\n<div class=\"gb-grid-column gb-grid-column-75736df4\"><div class=\"gb-container gb-container-75736df4\">\n\n<figure class=\"wp-block-image size-full\"><img loading=\"lazy\" decoding=\"async\" width=\"1080\" height=\"1080\" src=\"https:\/\/test.masina.rs\/wp-content\/uploads\/2024\/12\/Masina-promo-notes-tamnosivi.jpg\" alt=\"\" class=\"wp-image-44245\" srcset=\"https:\/\/test.masina.rs\/wp-content\/uploads\/2024\/12\/Masina-promo-notes-tamnosivi.jpg 1080w, https:\/\/test.masina.rs\/wp-content\/uploads\/2024\/12\/Masina-promo-notes-tamnosivi-300x300.jpg 300w, https:\/\/test.masina.rs\/wp-content\/uploads\/2024\/12\/Masina-promo-notes-tamnosivi-1024x1024.jpg 1024w, https:\/\/test.masina.rs\/wp-content\/uploads\/2024\/12\/Masina-promo-notes-tamnosivi-150x150.jpg 150w, https:\/\/test.masina.rs\/wp-content\/uploads\/2024\/12\/Masina-promo-notes-tamnosivi-768x768.jpg 768w\" sizes=\"auto, (max-width: 1080px) 100vw, 1080px\" \/><figcaption class=\"wp-element-caption\">Notes tamno sivi<\/figcaption><\/figure>\n\n<\/div><\/div>\n\n<div class=\"gb-grid-column gb-grid-column-368ceb39\"><div class=\"gb-container gb-container-368ceb39\">\n\n<figure class=\"wp-block-image size-full\"><img loading=\"lazy\" decoding=\"async\" width=\"1080\" height=\"1080\" src=\"https:\/\/test.masina.rs\/wp-content\/uploads\/2024\/12\/Masina-promo-notes-svetlosivi.jpg\" alt=\"\" class=\"wp-image-44244\" srcset=\"https:\/\/test.masina.rs\/wp-content\/uploads\/2024\/12\/Masina-promo-notes-svetlosivi.jpg 1080w, https:\/\/test.masina.rs\/wp-content\/uploads\/2024\/12\/Masina-promo-notes-svetlosivi-300x300.jpg 300w, https:\/\/test.masina.rs\/wp-content\/uploads\/2024\/12\/Masina-promo-notes-svetlosivi-1024x1024.jpg 1024w, https:\/\/test.masina.rs\/wp-content\/uploads\/2024\/12\/Masina-promo-notes-svetlosivi-150x150.jpg 150w, https:\/\/test.masina.rs\/wp-content\/uploads\/2024\/12\/Masina-promo-notes-svetlosivi-768x768.jpg 768w\" sizes=\"auto, (max-width: 1080px) 100vw, 1080px\" \/><figcaption class=\"wp-element-caption\">(SOLD OUT) Notes sivi<\/figcaption><\/figure>\n\n<\/div><\/div>\n\n<div class=\"gb-grid-column gb-grid-column-8fc0d6c4\"><div class=\"gb-container gb-container-8fc0d6c4\">\n\n<figure class=\"wp-block-image size-full\"><img loading=\"lazy\" decoding=\"async\" width=\"1080\" height=\"1080\" src=\"https:\/\/test.masina.rs\/wp-content\/uploads\/2024\/12\/Masina-promo-notes-crveni.jpg\" alt=\"\" class=\"wp-image-44243\" srcset=\"https:\/\/test.masina.rs\/wp-content\/uploads\/2024\/12\/Masina-promo-notes-crveni.jpg 1080w, https:\/\/test.masina.rs\/wp-content\/uploads\/2024\/12\/Masina-promo-notes-crveni-300x300.jpg 300w, https:\/\/test.masina.rs\/wp-content\/uploads\/2024\/12\/Masina-promo-notes-crveni-1024x1024.jpg 1024w, https:\/\/test.masina.rs\/wp-content\/uploads\/2024\/12\/Masina-promo-notes-crveni-150x150.jpg 150w, https:\/\/test.masina.rs\/wp-content\/uploads\/2024\/12\/Masina-promo-notes-crveni-768x768.jpg 768w\" sizes=\"auto, (max-width: 1080px) 100vw, 1080px\" \/><figcaption class=\"wp-element-caption\">Notes crveni<\/figcaption><\/figure>\n\n<\/div><\/div>\n<\/div>\n<\/div>\n\n\n<p><\/p>\n\n\n<div class=\"gb-container gb-container-a68555a9 alignwide\">\n\n<link href='https:\/\/actionnetwork.org\/css\/style-embed-v3.css' rel='stylesheet' type='text\/css' \/><script src='https:\/\/actionnetwork.org\/widgets\/v5\/form\/sta-zelite-za-poklon?format=js&#038;source=widget'><\/script><div id='can-form-area-sta-zelite-za-poklon' style='width: 600px'><!-- this div is the target for our HTML insertion --><\/div>\n\n<\/div>\n\n\n<h2 class=\"gb-headline gb-headline-ef96d213 gb-headline-text\"><strong>EVO KAKO MO\u017dE\u0160 DONIRATI<\/strong><\/h2>\n\n\n\n<p><strong>PayPal<\/strong>: <a href=\"https:\/\/paypal.me\/masinars?country.x=RS&amp;locale.x=en_US\" target=\"_blank\" rel=\"noreferrer noopener\">paypal.me\/masinars<\/a><\/p>\n\n\n\n<p><strong>Uplate na dinarski ra\u010dun<\/strong><br>Br. ra\u010duna: 160-280154-22<br>Primalac: Udru\u017eenje Kontekst<br>Svrha uplate: Donacija za portal Ma\u0161ina<br>\u0160ifra pla\u0107anja: 288<\/p>\n\n\n\n<p><strong>Hvala na podr\u0161ci! <\/strong><\/p>\n\n\n\n<figure class=\"wp-block-image size-large\"><img decoding=\"async\" src=\"https:\/\/test.masina.rs\/wp-content\/uploads\/2020\/02\/masina-logo-crop-1200x462.png\" alt=\"\" class=\"wp-image-12444\"\/><\/figure>\n\n\n\n<p><\/p>\n","protected":false},"excerpt":{"rendered":"<p>Vreme je za poklone! Vi nas mo\u017eete obradovati donacijama koje nam poma\u017eu da ostanemo nezavisni, a mi vam za uzvrat mo\u017eemo poslati neku zanimljivu Ma\u0161ina \u0161olju, ceger, ranac ili notes. Mo\u017eete odabrati \u0161ta \u017eelite i ostaviti va\u0161e podatke za slanje u formularu koji se nalazi na stranici, a zatim nam mo\u017eete poslati i donaciju prema &#8230; <a title=\"Pokloni &#8211; vreme je za doniranje i darovanje\" class=\"read-more\" href=\"https:\/\/test.masina.rs\/?page_id=44210\" aria-label=\"Read more about Pokloni &#8211; vreme je za doniranje i darovanje\">Read more<\/a><\/p>\n","protected":false},"author":240,"featured_media":44251,"parent":0,"menu_order":0,"comment_status":"closed","ping_status":"closed","template":"","meta":{"_acf_changed":false,"footnotes":""},"coauthors":[3],"class_list":["post-44210","page","type-page","status-publish","has-post-thumbnail"],"acf":[],"_links":{"self":[{"href":"https:\/\/test.masina.rs\/index.php?rest_route=\/wp\/v2\/pages\/44210","targetHints":{"allow":["GET"]}}],"collection":[{"href":"https:\/\/test.masina.rs\/index.php?rest_route=\/wp\/v2\/pages"}],"about":[{"href":"https:\/\/test.masina.rs\/index.php?rest_route=\/wp\/v2\/types\/page"}],"author":[{"embeddable":true,"href":"https:\/\/test.masina.rs\/index.php?rest_route=\/wp\/v2\/users\/240"}],"replies":[{"embeddable":true,"href":"https:\/\/test.masina.rs\/index.php?rest_route=%2Fwp%2Fv2%2Fcomments&post=44210"}],"version-history":[{"count":0,"href":"https:\/\/test.masina.rs\/index.php?rest_route=\/wp\/v2\/pages\/44210\/revisions"}],"wp:featuredmedia":[{"embeddable":true,"href":"https:\/\/test.masina.rs\/index.php?rest_route=\/wp\/v2\/media\/44251"}],"wp:attachment":[{"href":"https:\/\/test.masina.rs\/index.php?rest_route=%2Fwp%2Fv2%2Fmedia&parent=44210"}],"wp:term":[{"taxonomy":"author","embeddable":true,"href":"https:\/\/test.masina.rs\/index.php?rest_route=%2Fwp%2Fv2%2Fcoauthors&post=44210"}],"curies":[{"name":"wp","href":"https:\/\/api.w.org\/{rel}","templated":true}]}}